?
2
Let d = 7 + -8. Let r be -2*1/(-2) - d. Suppose -3*y + 0*y + r = -2*h, 0 = 2*h + y - 14. What are the prime factors of h?
5
Suppose 80 = 2*c - 124. Suppose c = 4*i + 22. What are the prime factors of i?
2, 5
Let y be (-12)/9 - 19/(-3). Let g(j) = -j**2 + 4*j + 5 + 2*j - 3. What are the prime factors of g(y)?
7
Suppose 5*n - 208 = -63. What are the prime factors of n?
29
Suppose -5*l = -351 - 159. What are the prime factors of l?
2, 3, 17
Suppose 2*b - 5*r - 8 = 6*b, -5*b + r = 10. Let c = -4 - b. What are the prime factors of (c - -14) + -4 + 1?
3
Suppose 6 = -3*a + 135. What are the prime factors of a?
43
Let w(b) = b**2 + 2*b + 1. Suppose 4*h - h = 9. List the prime factors of w(h).
2
Let s(k) = k - 4. Let x be s(7). Suppose 0 = 3*t - x*c - 75, 4*c = -5*t + 6*c + 110. What are the prime factors of t?
2, 5
Let w be 1/(-4*2/(-48)). Suppose w = 3*s - 33. What are the prime factors of s?
13
Suppose -y - 4*i = -4*y + 764, 0 = -4*i + 16. What are the prime factors of y?
2, 5, 13
Let w be (-15)/(-4) + (-3)/(-12). Let h be w/((-4)/(-3) - 2). What are the prime factors of (h/(-8))/(1/16)?
2, 3
Suppose 0*o = 2*o - 242. What are the prime factors of (-4)/14 - o/(-7)?
17
Let j = -7 + 9. Suppose 0 = -4*k + 4*t - 36, k - 3*t - 25 = j*k. Let h = k + 19. List the prime factors of h.
2, 3
List the prime factors of 24/((18/4)/3).
2
Let o be (4/8)/((-1)/8). Let c = o - -7. Suppose 24 = c*v - 0. List the prime factors of v.
2
What are the prime factors of 67 + (3 - ((1 - -2) + -1))?
2, 17
Let x(o) = -7*o - 3 + 4*o - 3*o + 4. What are the prime factors of x(-2)?
13
Let z = 156 - 53. List the prime factors of z.
103
Let z = 2 - -19. What are the prime factors of z?
3, 7
Let x(y) = 30*y**3 - y. Suppose 1 = l + 2*p, -5*l - p = 2*p - 5. List the prime factors of x(l).
29
Suppose 140 = 2*t - 2. Let g = t - 43. What are the prime factors of g?
2, 7
Let g = -46 + 76. Suppose 0 = 2*j - 70 - g. List the prime factors of j.
2, 5
Suppose -5*t + 3*t = -k - 17, 3*k - 5 = -2*t. Suppose -t*m + 3*m + 96 = 0. List the prime factors of m.
2, 3
Let m = 12 + -6. Suppose 0 = -s + m*s - 20. What are the prime factors of s?
2
Let s(j) = j + 8. Suppose -o = -2*o. List the prime factors of s(o).
2
Let w be (-64)/48*(-6)/4. Suppose -w*v - v = -21. List the prime factors of v.
7
Suppose 36 = -5*u - 19. Let g be 6 + 17 + 4/(-1). Let n = u + g. What are the prime factors of n?
2
Let o be (-6)/(-27) - (-64)/36. Suppose -o*m - 14 = 4. List the prime factors of 15*(24/m + 3).
5
Let r be 4/14 + 480/35. List the prime factors of -3 + (r - (3 + -1)).
3
Suppose 4*i - 4 = 0, 3*r + 3*i = i - 4. Let z(w) = 2*w**2 - w - 1. List the prime factors of z(r).
3
Let i = 223 - 105. What are the prime factors of i?
2, 59
List the prime factors of (-80)/(-25)*(1 - -9).
2
Let r be -15*(14/(-6) - -1). Let y = r + -33. Let q = y + 21. What are the prime factors of q?
2
Let a = 1 - -2. Suppose a = 3*t - 0. List the prime factors of -1*2 - (-13 + t).
2, 5
Let l = -245 + 149. List the prime factors of l/(-2 - 2) + 1.
5
Suppose 12*s - 812 = 5*s. What are the prime factors of s?
2, 29
Let m = 325 - 159. Suppose -m = -5*r + 5*p - 1, -153 = -5*r - p. What are the prime factors of r?
31
Let d = -6 - -8. Suppose -6*g = -d*g - 20. What are the prime factors of g?
5
Suppose 5*i = -b + 101, -i + 457 = 2*b + 3*b. What are the prime factors of b?
7, 13
Suppose 2 = -5*w + 467. Suppose 9 - w = -4*h. Suppose b - 4*b = -h. List the prime factors of b.
7
Suppose 4*a - 4*h = -8, 5*a + 2*h = -0*h + 18. Suppose a*m + x - 29 = -m, m - 13 = -x. What are the prime factors of m?
2
Let c(p) = 2*p. Let h be c(2). Let z be (2 + -5)*(-56)/24. Suppose -a = h - z. What are the prime factors of a?
3
Let m(j) be the first derivative of -j**3/3 + 4*j**2 - 4*j - 2. What are the prime factors of m(6)?
2
Suppose -5*z - 15 = -175. Suppose -4*d + 44 = -2*p, 4*p + z = 2*d - 2. What are the prime factors of d?
3
Let b be (-1)/3 + 8/6. Suppose -14 - 30 = -4*w. Let y = b + w. List the prime factors of y.
2, 3
List the prime factors of 7/((-343)/14) + (-1990)/(-7).
2, 71
Suppose -21*n + 24*n - 438 = 0. List the prime factors of n.
2, 73
Suppose -352 = 2*y - 6*y. What are the prime factors of y?
2, 11
Suppose 10*v = 12*v - 246. List the prime factors of v.
3, 41
Let f(r) be the third derivative of -r**4/24 - r**3/6 - 8*r**2. What are the prime factors of f(-5)?
2
Let p = 7 + 21. List the prime factors of p.
2, 7
Suppose -2*h + 166 = -174. List the prime factors of h.
2, 5, 17
Let a = -49 - -63. What are the prime factors of a?
2, 7
Let f(w) = -w**3 + w**2 - w - 20. Let z be f(0). What are the prime factors of (-15)/6*208/z?
2, 13
Let z(m) = 134*m - 25. What are the prime factors of z(3)?
13, 29
Let m(k) = 29*k**3 - 2*k**2 - 3*k + 6. List the prime factors of m(2).
2, 7
Let z be (-88)/(-5) - 2/(-5). Suppose -5*l + 3*l + z = 0. What are the prime factors of l?
3
Let v = -91 + 173. Suppose -4*l + v = -38. List the prime factors of l.
2, 3, 5
Let b(v) = 2*v - 2 + 3 - 1. Let s be b(2). Suppose -2*d + s*d + 5*k = 52, -3*d = -k - 61. List the prime factors of d.
3, 7
Suppose 0 = -2*z - 4*w + 20, -4*z + w + 28 = -3*w. List the prime factors of z.
2
Suppose 9 = 4*q - 7. Let s(t) = t + 1. List the prime factors of s(q).
5
Suppose -2*d = x - 11, -2*d - 2*d - 8 = 0. What are the prime factors of x?
3, 5
Let u = 3 - 4. Let g be 2/(u/(3/(-6))). List the prime factors of (-6)/(-2) - (g + 0).
2
Let d = 450 + -61. List the prime factors of d.
389
Let h be 2/7 - (-36)/21. Let a = -86 - -123. Suppose -2*c + h + 2 = 0, -5*j = c - a. List the prime factors of j.
7
List the prime factors of (-9)/((-12)/294*(-3)/(-4)).
2, 3, 7
Suppose -5*m = -0*m + 460. Suppose 0 = 4*t - 4 - 0. What are the prime factors of m/(-8) - t/2?
11
Let q(r) = -r**3 + 8*r**2 + 9*r. Let n be q(9). Suppose n = -4*k + 43 + 13. List the prime factors of k.
2, 7
Let k(f) = f**3 + 7*f**2 - 10*f - 1. What are the prime factors of k(-8)?
3, 5
Suppose -4 - 2 = h. Let v be -6 + 2 + h/(-3). List the prime factors of 1*(15 + v - 2).
11
Suppose -2*g + 6*g - 16 = 0. Suppose g*z = -5*v + 56, -4*z + 32 = -0*z - v. What are the prime factors of z?
3
Suppose 0*p + 35 = p. What are the prime factors of p?
5, 7
Let r(f) = -f**3 + 9*f**2 - 8*f + 12. Let c be r(8). Let p = c - 7. What are the prime factors of p?
5
Suppose -5*u = -3 - 72. What are the prime factors of u?
3, 5
Suppose 0 = q - 4, -5*q + 4*q + 31 = -x. Let d be (-1)/(-5) - x/15. Suppose -5*j + 7 = -d*v, v + 2*j = 3*v - 8. What are the prime factors of v?
3
Let n be 0 - 10/((-3)/3). Let o = -5 + n. List the prime factors of o.
5
Let y = -4 + 6. Suppose 0 = -w + 1 + y. Suppose w*d = -5*k + 27, -d - k - 4 = -11. What are the prime factors of d?
2
Suppose -6*x + 0*x + 372 = 0. List the prime factors of x.
2, 31
Suppose v - 26 = -2. List the prime factors of v.
2, 3
Let k(t) = -9*t + 1. List the prime factors of k(-6).
5, 11
List the prime factors of 2 + 19 + 4 + -1.
2, 3
Let m(b) = -45*b + 1. What are the prime factors of m(-1)?
2, 23
Let t(l) be the second derivative of l**6/360 + l**5/40 - l**4/4 - 3*l. Let a(y) be the third derivative of t(y). List the prime factors of a(3).
3
Suppose 0 = 2*c - 26 + 4. What are the prime factors of c?
11
Suppose -1 - 1 = -k. Suppose -k*z = z - 168. Suppose 0 = 5*v - z - 4. List the prime factors of v.
2, 3
Let q(a) = -a**3 + 20. Let f be q(0). Suppose 4*z + 2*t = -28, -2*t = 5*z - 7*t + f. Let d = z + 13. What are the prime factors of d?
7
List the prime factors of (-2 - (-1092)/(-35))/((-1)/5).
2, 83
Let x(w) = -2*w + 10. Let h be x(8). Let c(p) = 2*p + 12. Let j(y) = y + 6. Let s(n) = h*c(n) + 13*j(n). What are the prime factors of s(6)?
2, 3
Suppose -4*n + 16 = 4. Suppose l - 5*t - 14 = 0, -3*l + 8 + 10 = -n*t. Suppose -l*q + 30 = -2*q. List the prime factors of q.
3, 5
Let u = -59 + 87. List the prime factors of u.
2, 7
Suppose 8 = 2*n, -n + 31 = 2*s + 7. What are the prime factors of s?
2, 5
Let d be (21/14)/(1/4). Suppose -j = 5*z - 18, 4*z + 0*z + 3 = 5*j. Let l = d + z. List the prime factors of l.
3
Let s(w) = -w**3 - 4*w**2 - 5*w - 3. Let z be s(-3). Suppose g = 3*a - 46, -g + z*g - 4 = 0. What are the prime factors of a?
2
Suppose 5*f + h - 398 + 92 = 0, -5*f + 314 = -h. List the prime factors of f.
2, 31
Let l =